What is the greatest common factor of a and v?
9
Let o(k) = k**3 - k**2 + k - 1. Let i be o(0). Let u(b) = -3548 + 3547 + 42*b**2 + b + 4*b**2. Let h be u(i). Calculate the greatest common factor of h and 11.
11
Suppose -2*d + 34 = 2*i + 3*i, -3*i = 2*d - 22. Calculate the highest common factor of 96 and i.
6
Suppose -159 = -3*r - 3*f, 39*r - f = 37*r + 85. What is the highest common factor of r and 7521?
23
Let i = 19054 - 16793. What is the highest common divisor of i and 2023?
119
Let f be ((-24)/(-21))/((-36)/(-126))*10. Let d = 121 - f. What is the greatest common divisor of d and 6?
3
Let q = -1 - -2. Let i = 1184 - 1178. Calculate the highest common factor of q and i.
1
Let g(s) = 19*s**2 - 41*s - 3. Let w be g(3). What is the highest common factor of w and 954?
9
Let o(w) = 97*w - 1171. Let f be o(31). Calculate the greatest common divisor of 68 and f.
68
Let z(x) = 4*x**3 + 11*x**2 + 38. Let a be z(6). What is the highest common divisor of a and 418?
22
Let x(y) = -8*y. Let t be x(-1). Let r(m) = 90*m + 92. Let v be r(-1). What is the greatest common factor of v and t?
2
Let l(n) = -5*n**3 + 2*n**2 - 3*n + 5. Let f be l(2). Let o = f + 24. Let a(d) = -6*d + 27. Let i be a(o). Calculate the highest common factor of 9 and i.
9
Suppose -5*w = -5*c - 3360, 0 = -w - 6*c + 5*c + 668. What is the greatest common divisor of 938 and w?
134
Suppose -3*m + 2*m + 25 = 0. Suppose 8*r + 76 = -11*r. Let q be (r + 147/28)/((-1)/(-8)). Calculate the greatest common divisor of m and q.
5
Let g be 2*(-2)/(-36) - 17/(-9). Suppose 0*v - d = -v + 4, 2*v = -3*d - 12. Suppose 5*l - 9*l + 12 = v. What is the greatest common divisor of l and g?
1
Let i be 51/(-136) - 2214/(-16). Calculate the highest common divisor of 4370 and i.
46
Let t(d) = -d**3 + 6*d**2 + 8*d - 13. Let w be t(7). Let f = 94 + w. What is the greatest common divisor of f and 66?
22
Let g = -5855 + 6339. What is the greatest common divisor of g and 55?
11
Let h = -11927 + 12104. What is the greatest common factor of h and 2360?
59
Let u be (18/3 - 5)*165. Let h = u - -120. Calculate the highest common factor of h and 15.
15
Let i(b) = b**2 + 333. Let t be i(0). Let l(c) = c**2 + 89*c + 1339. Let f be l(-70). Calculate the greatest common divisor of f and t.
9
Suppose -15*y + 18*y + 4*d + 137 = 0, 114 = -2*y + 3*d. Let f = -50 - y. Suppose 0 = -2*i - 1 + 15. What is the greatest common divisor of f and i?
1
Let c be ((-2)/4)/(1/(-102)). Let w(o) = -432*o + 2660. Let y be w(6). Calculate the highest common factor of y and c.
17
Let i(d) = d**3 - 8*d**2 + d - 51. Let g be i(9). Suppose 3*p + k = 103, p + 0*p + 5*k = g. What is the greatest common divisor of p and 170?
34
Let w = 80 + -56. Let q be (-13132)/(-110) + (-3916)/(-4895) + 2/(-11). Calculate the greatest common factor of q and w.
24
Suppose 0 = -102*s + 39*s + 87597 + 471654. Calculate the highest common divisor of s and 33.
33
Suppose -2*v - 72*v - 162*v = -162840. What is the highest common factor of v and 1150?
230
Let b be (-12)/40 - (-1251)/(-30). Let o = b - -272. What is the greatest common divisor of o and 46?
46
Suppose -6*w - w - 28 = 0. Let n(s) = s**3 + 5*s**2 - 2*s - 6. Let z be n(w). Let c be (44 - 42)/(1/18). What is the greatest common divisor of z and c?
18
Let h = 2280 + -1555. Calculate the highest common factor of h and 319.
29
Suppose 0 = -12*n + 963 + 453. Let t = n + 58. What is the greatest common divisor of 80 and t?
16
Let c = -31 + 69. Suppose -6661 = -16*y - 8*y + 5195. Calculate the greatest common divisor of c and y.
38
Suppose -17938*f + 3444 = -17926*f. Suppose 0*z + 4*z - 28 = 0. What is the greatest common divisor of f and z?
7
Let o be ((-28)/(-6))/(-1 + (-12)/(-9)). Suppose -o*q + 0*q + 84 = 0. Calculate the greatest common factor of 93 and q.
3
Suppose -4*g + 3 = -3*g. Suppose q - 71 = -5*a, -134 = -2*q - g*a + a. Calculate the highest common divisor of q and 6.
6
Let m(y) = -5*y - 3. Let c be m(18). Let d = 121 + c. Suppose -29 - d = -3*s. Calculate the greatest common divisor of 38 and s.
19
Suppose -10*g = -850 + 20. Let m = g + -79. Calculate the greatest common divisor of m and 20.
4
Let y be -3 - -12 - (-11 - -14). What is the highest common divisor of 134 and y?
2
Suppose 702 = 2*y - 3*x, -288*x + 287*x = 3*y - 1086. What is the highest common factor of 200 and y?
40
Suppose 10*h - 77 = 1303. Suppose 2*a + d - h = 3*a, -a + 2*d - 135 = 0. Let f = a + 297. What is the greatest common divisor of f and 12?
12
Let b = -6 - -8. Suppose -b*f - 8 = 0, 6*t + 4*f + 31 = 11*t. What is the highest common divisor of t and 111?
3
Suppose -2181 = -11*p + 1283 + 111. Calculate the greatest common divisor of p and 275.
25
Let n(z) = -3*z**2 - 6*z + 31. Let k be n(-7). Let d = k - -81. Calculate the greatest common factor of 56 and d.
7
Suppose 86*a = 15801 - 5739. Calculate the greatest common divisor of 2171 and a.
13
Suppose -312 = 73*u - 2648. What is the greatest common divisor of u and 800?
32
Let k(y) = 181*y - 4083. Let m be k(27). Calculate the highest common divisor of m and 2211.
201
Suppose -61*d - 775 + 1926 = -2509. Calculate the greatest common factor of d and 5780.
20
Suppose 4*v + 2*l = 24, -30 = 5*v - 5*l - 90. Let r(a) = 421*a**3 - 4*a + 2. Let m be r(1). Let w = -395 + m. What is the greatest common divisor of v and w?
8
Let d(u) = 9*u**2 - 138*u - 33. Let z(v) = -4*v**2 + 69*v + 16. Let f(m) = 2*d(m) + 5*z(m). Let a be f(28). What is the greatest common divisor of a and 14?
14
Let i(c) = -2*c + 2. Let z be i(-1). Suppose -z*f = 42 + 138. Let t be 4 + -2 + -2 - f. Calculate the greatest common divisor of 18 and t.
9
Let q(w) = -11*w**3 - 59*w**2 - 15*w. Let z be q(-8). Calculate the greatest common divisor of z and 16.
8
Suppose -33*h = -41*h + 440. Let r be (231/h)/(6/50). Calculate the highest common factor of 1855 and r.
35
Let g(y) = y**3 + 28*y**2 + y + 33. Let j be g(-28). Suppose j*q - 244 = 6. What is the greatest common factor of 275 and q?
25
Suppose 5*j = -y - 81 + 20, 16 = -j - 4*y. Let d be (-3)/j*0/(-3). Suppose d*o - 12*o = -1560. Calculate the greatest common factor of o and 10.
10
Suppose -4*j = 1076 - 3312. Let t = -28535 + 28561. Calculate the greatest common divisor of t and j.
13
Suppose 2*v + 0*v = 8. Suppose 5 = 5*p, 5*f - v*p - 3 = 18. Suppose -f*d + 5 = -15. What is the greatest common divisor of d and 32?
4
Suppose 0 = 2*d + 3*c - 199, 16*c + 291 = 3*d + 19*c. Let p = -88 + d. What is the greatest common factor of p and 62?
2
Suppose 0 = -13*z - 13, -13*z + 10*z = 3*p - 15219. Calculate the highest common divisor of p and 177.
59
Let n = -22 - -40. Suppose 7*g + 8 + 41 = 0. Let p(c) = c**2 + 5*c + 13. Let u be p(g). What is the greatest common factor of n and u?
9
Let h = -5875 + 5877. What is the highest common divisor of h and 3004?
2
Let y = 11 + 1. Suppose 2*n + 175*s - 123 = 172*s, 2*n - 98 = 2*s. What is the greatest common factor of y and n?
6
Let l be (-126)/6 - (1 - 2). Let s be ((-22)/6 + 3)*(2 + l). Let a be 2/s*-2 + 318/9. What is the highest common factor of 5 and a?
5
Let n = -219 + 210. Let m be 3/(-2)*114/n - 1. Let i be (2 + 2)/((-6)/(-81)). What is the highest common factor of m and i?
18
Suppose 29376 = 24*a + 3*a. Suppose -a = -18*m + 10*m. Calculate the highest common factor of 204 and m.
68
Let n(r) = 9*r - 9. Let y be n(3). Suppose -4*q + 26 = -2*j - 32, 3*q = -3*j + 21. Calculate the greatest common divisor of q and y.
6
Let z(d) = d**3 - 4*d**2 + 10*d + 10. Let y be z(5). Let n be 76/5*y/34. Let x(h) = 11*h - 1. Let b be x(7). What is the highest common divisor of n and b?
38
Let g(u) = -u**2 + 9*u - 3. Let c be g(9). Let w = 218 + -221. Let j be (-1 - (-2 - w))*c + 2. Calculate the highest common factor of 20 and j.
4
Suppose -1212 - 272 = -101*d + 31. What is the highest common factor of 129 and d?
3
Let v(f) = 81*f + 1026. Let r be v(6). Calculate the greatest common factor of r and 196.
28
Suppose -5*i - 870 = -5*w, 66 = w - 4*i - 117. Suppose -9*a - 3*o - w = -11*a, 0 = -4*a - o + 335. Calculate the greatest common divisor of 7 and a.
7
Suppose -2*u - 4*t = -100, 86 + 48 = 3*u + 2*t. Calculate the highest common factor of u and 120.
6
Suppose -3*d = -16 + 4. Suppose 0*o - d*l = -o + 75, -4*l = 3*o - 177. Suppose -9*n + o = -8*n.